{"id":617,"date":"2014-03-20T21:53:58","date_gmt":"2014-03-20T19:53:58","guid":{"rendered":"http:\/\/test.bergs.biz\/blog\/?page_id=617"},"modified":"2024-01-31T06:45:25","modified_gmt":"2024-01-31T05:45:25","slug":"privacy-policydatenschutzerklarung","status":"publish","type":"page","link":"https:\/\/bergs.biz\/blog\/privacy-policydatenschutzerklarung\/","title":{"rendered":"Privacy Policy\/Datenschutzerkl\u00e4rung"},"content":{"rendered":"<blockquote>\n<h1>Amazon Partnerprogramm<\/h1>\n<p>Als Amazon-Partner verdiene ich an qualifizierten Verk\u00e4ufen.<\/p>\n<h1>Einsatz von Google AdSense<\/h1>\n<p>1. Unsere Website nutzt Google AdSense, einen Online-Werbedienst der Google Inc. (\u201eGoogle\u201c). Google AdSense verwendet sog. \u201eCookies\u201c, Textdateien, die auf dem Computer der Nutzer gespeichert werden und die eine Analyse der Benutzung der Website erm\u00f6glicht. Google AdSense verwendet auch sogenannte Web Beacons (unsichtbare Grafiken). Durch diese Web Beacons k\u00f6nnen Informationen wie der Besucherverkehr auf den Seiten dieses Angebots ausgewertet werden. Die durch Cookies und Web Beacons erzeugten Informationen \u00fcber die Benutzung dieser Website (einschlie\u00dflich der IP-Adresse der Nutzer) und Auslieferung von Werbeformaten werden an einen Server von Google in den USA \u00fcbertragen und dort gespeichert. Diese Informationen k\u00f6nnen von Google an Vertragspartner von Google weiter gegeben werden. Google wird Ihre IP-Adresse jedoch nicht mit anderen von Ihnen gespeicherten Daten zusammenf\u00fchren.<\/p>\n<p>2. Nutzer k\u00f6nnen die Installation der Cookies von Google AdSense auf verschiedene Weise verhindern:<\/p>\n<p style=\"padding-left: 30px;\">a) durch eine entsprechende Einstellung der Browser-Software;<br \/>\nb) durch Deaktivierung der interessenbezogenen Anzeigen bei <a href=\"http:\/\/www.google.de\/ads\/preferences\" target=\"_blank\" rel=\"noopener\">Google<\/a>;<br \/>\nc) durch Deaktivierung der interessenbezogenen Anzeigen der Anbieter, die Teil der Selbstregulierungs-Kampagne \u201e<a href=\"http:\/\/www.aboutads.info\/choices\" target=\"_blank\" rel=\"noopener\">About Ads<\/a>\u201c sind;<br \/>\nd) durch dauerhafte Deaktivierung durch ein Browser-Plug-in.<\/p>\n<p>Die Einstellungen unter b) und c) werden gel\u00f6scht, wenn Cookies in den Browsereinstellungen gel\u00f6scht werden.<\/p>\n<p>3. N\u00e4here Informationen zu Datenschutz und Cookies f\u00fcr Werbung bei Google AdSense sind in der <a href=\"http:\/\/www.google.de\/policies\/privacy\/\" target=\"_blank\" rel=\"noopener\">Datenschutzerkl\u00e4rung von Google<\/a>, insbesondere unter den folgenden Links zu finden:<\/p>\n<p><a href=\"https:\/\/web.archive.org\/web\/20170206135146\/https:\/\/support.google.com\/adsense\/answer\/2839090\" target=\"_blank\" rel=\"noopener\">http:\/\/www.google.de\/policies\/privacy\/partners\/<\/a><br \/>\n<a href=\"http:\/\/www.google.de\/intl\/de\/policies\/technologies\/ads\" target=\"_blank\" rel=\"noopener\">http:\/\/www.google.de\/intl\/de\/policies\/technologies\/ads<\/a><br \/>\n<a href=\"https:\/\/web.archive.org\/web\/20170206135146\/https:\/\/support.google.com\/adsense\/answer\/2839090\" target=\"_blank\" rel=\"noopener\">http:\/\/support.google.com\/adsense\/answer\/2839090<\/a><\/p>\n<p><strong>Quelle: <a href=\"https:\/\/www.datenschutzbeauftragter-info.de\/\">www.datenschutzbeauftragter-info.de<\/a><\/strong><\/p><\/blockquote>\n<p><!-- adsenseprivacypolicy --><\/p>\n","protected":false},"excerpt":{"rendered":"<p>Amazon Partnerprogramm Als Amazon-Partner verdiene ich an qualifizierten Verk\u00e4ufen. Einsatz von Google AdSense 1. Unsere Website nutzt Google AdSense, einen Online-Werbedienst der Google Inc. (\u201eGoogle\u201c). Google AdSense verwendet sog. \u201eCookies\u201c, Textdateien, die auf dem Computer der Nutzer gespeichert werden und die eine Analyse der Benutzung der Website erm\u00f6glicht. Google AdSense verwendet auch sogenannte Web Beacons [&hellip;]<\/p>\n","protected":false},"author":8,"featured_media":0,"parent":0,"menu_order":0,"comment_status":"open","ping_status":"closed","template":"","meta":{"footnotes":""},"class_list":["post-617","page","type-page","status-publish","hentry"],"_links":{"self":[{"href":"https:\/\/bergs.biz\/blog\/wp-json\/wp\/v2\/pages\/617","targetHints":{"allow":["GET"]}}],"collection":[{"href":"https:\/\/bergs.biz\/blog\/wp-json\/wp\/v2\/pages"}],"about":[{"href":"https:\/\/bergs.biz\/blog\/wp-json\/wp\/v2\/types\/page"}],"author":[{"embeddable":true,"href":"https:\/\/bergs.biz\/blog\/wp-json\/wp\/v2\/users\/8"}],"replies":[{"embeddable":true,"href":"https:\/\/bergs.biz\/blog\/wp-json\/wp\/v2\/comments?post=617"}],"version-history":[{"count":4,"href":"https:\/\/bergs.biz\/blog\/wp-json\/wp\/v2\/pages\/617\/revisions"}],"predecessor-version":[{"id":1841,"href":"https:\/\/bergs.biz\/blog\/wp-json\/wp\/v2\/pages\/617\/revisions\/1841"}],"wp:attachment":[{"href":"https:\/\/bergs.biz\/blog\/wp-json\/wp\/v2\/media?parent=617"}],"curies":[{"name":"wp","href":"https:\/\/api.w.org\/{rel}","templated":true}]}}